at is the highest common factor of x and 176?
16
Let d = 85 - 43. Let z be 0 - (-28 + (-1 - -1)). Calculate the highest common factor of d and z.
14
Suppose -6*r = -18 - 180. Calculate the highest common factor of 231 and r.
33
Suppose a = -2*s, -14 = -a + 2*s + 3*s. What is the highest common factor of 20 and a?
4
Let s be 2/(-7) - (-2)/7. Suppose -3*x = 4*n - 73, -2*x - 5*n + 44 = -s*x. Let f = -71 + 89. What is the highest common divisor of x and f?
9
Suppose -138 = -4*b + 4*f + 274, 4*b = -4*f + 388. Calculate the highest common divisor of 20 and b.
20
Let q(y) = -y**3 + 2*y**2 - 2*y - 1. Let b be q(2). Let x = 5 + b. Suppose -3*g + x*g + 39 = 0. What is the greatest common divisor of g and 13?
13
Let c be ((-2)/4)/(3/(-54)). Let p = -119 - -229. Let a = 209 - p. Calculate the highest common divisor of c and a.
9
Let q(x) = -2*x**3 + 8*x**2 - 12*x + 12. Let a be q(8). Let t = -292 - a. Suppose 2*y = -0*y + t. What is the highest common factor of 19 and y?
19
Suppose 24 = 5*z - 26. Let m(t) = t + 40. Let u be m(0). What is the highest common divisor of u and z?
10
Suppose 0 = o - 43 - 83. Let a be (2 - 0) + 6*2. Calculate the greatest common factor of a and o.
14
Let c = 0 + 2. Let k(u) = -3*u - 22. Let w(o) = -o - 7. Let h(x) = -6*k(x) + 17*w(x). Let q be h(7). Calculate the highest common divisor of q and c.
2
Let x = 5 + 1. Let o = 8 - 13. Let v(w) = w**2 - 4*w + 3. Let k be v(o). Calculate the greatest common factor of k and x.
6
Let j = -22 + 25. Calculate the highest common divisor of 4 and j.
1
Suppose 2*r = -4*m + 36, 2*m - 4*r = r + 42. What is the highest common divisor of m and 121?
11
Suppose 14*s - 616 = 3*s. Calculate the greatest common divisor of s and 98.
14
Suppose -7*q + 19 = -2. Calculate the greatest common factor of q and 39.
3
Suppose 1 - 65 = -n. What is the greatest common divisor of n and 96?
32
Suppose -2*k + 108 = k. Let d be ((-60)/(-7))/2 + 18/(-63). What is the highest common divisor of k and d?
4
Let f = 53 - -62. What is the greatest common factor of 23 and f?
23
Let a = -14 + 15. Let i = 11 - 7. Suppose 11 = -4*h + 5*g + 38, 3*h = -i*g - 3. What is the greatest common factor of a and h?
1
Suppose 4*w + 5*p = 6 + 28, 0 = 4*p - 8. What is the highest common divisor of w and 42?
6
Let o be (-10)/3*(-12)/10. Let s(q) = 2*q**3 - 2*q**2 - 2*q - 5. Let y be s(o). Suppose 19 - y = -z. What is the greatest common divisor of 8 and z?
8
Let s be (4/(-5))/(1/90). Let f be (3/(-2))/(9/s). Suppose 0 = -k - 3*b + 72, 2*k + b = 159 - 15. What is the highest common factor of f and k?
12
Suppose 6*j - 46 - 32 = 0. Suppose 0 = 4*w + 4*b - 421 - 103, 4*b = -3*w + 394. Calculate the highest common factor of j and w.
13
Let j = -10 - -23. Calculate the greatest common factor of j and 143.
13
Let p = -9 - -4. Let l be p/(1/(-15 - 1)). What is the highest common factor of 10 and l?
10
Suppose -y + 18 = 2*y. Let v = 3 - y. Let r be (-4)/v*(4 - -11). Calculate the greatest common factor of r and 50.
10
Let x be (160/15)/(4/18). Calculate the greatest common divisor of x and 112.
16
Suppose 373 = 3*s + 3*h + 61, -4*s - 5*h = -418. Suppose 0 = 3*z - s - 249. Let r(n) = -3*n - 2. Let a be r(-5). What is the greatest common divisor of a and z?
13
Suppose 0 = -b + 5*b - n - 14, 19 = 5*b - 2*n. Let p be b/(-1 - 2)*-40. Calculate the greatest common divisor of p and 8.
8
Let g be 12/(-18) + 16/6. Suppose 5*n + 6 = k, 17 = g*k - n - 4*n. Let p = -45 + 100. What is the greatest common factor of p and k?
11
Suppose -6*a + 167 = -1. What is the greatest common divisor of a and 4?
4
Suppose 2*o - 5 = -1. Let i be -12*(o/(-6) - 0). Suppose 5*s - 230 = -3*q, -3*q + i*s - s + 246 = 0. What is the highest common factor of 10 and q?
10
Let k be 1*(-4 + 3) - -6. Suppose 3*p = -w - w + 16, 4*p - k*w = 6. Let l = p - 0. What is the greatest common factor of 28 and l?
4
Let j(u) = -5*u - 42. Let o be j(-12). Calculate the greatest common factor of 63 and o.
9
Let a be (-135)/(-12)*(-16)/(-12). Calculate the highest common factor of a and 180.
15
Let v = -86 - -146. Suppose 3*a - 10 - 5 = 0. Suppose 3*z = a*b + 87, 5*z + 2*b = z + 90. What is the highest common divisor of v and z?
12
Let q(l) = l + 14. Let j be q(-11). Calculate the greatest common divisor of 15 and j.
3
Let i(x) = x**2 - x + 9. Let q be i(0). Let t = 18 - q. Calculate the highest common divisor of t and 27.
9
Suppose -2*n - 14 = -3*y, 4*y + 3*n + 5 - 1 = 0. Suppose -7*s + 24 = -s. What is the highest common factor of s and y?
2
Let q(k) be the first derivative of 8*k**3/3 + 1. Let o(m) = -m - 4. Let u be o(-7). Let p be q(u). What is the greatest common divisor of p and 8?
8
Suppose -x = -3*x. Suppose x = n - 4 + 3. Calculate the greatest common factor of 11 and n.
1
Suppose 5*b - 70 = -0. What is the greatest common factor of b and 70?
14
Let c = -4 + 6. Let t = -7 - c. Let d be 341/4 + t/36. Calculate the greatest common factor of 17 and d.
17
Let p be (-4)/(-8)*(5 + 1). Suppose 0 = -p*l + 2*b + 61, -6*l + 3*l + 46 = b. Let d = -168 + 321. What is the highest common divisor of l and d?
17
Let o(v) = 8*v + 8. Let q be o(10). Suppose 2*n - 15 = -n. Suppose 24 + 31 = n*p. Calculate the greatest common divisor of p and q.
11
Suppose -36 = -3*f - 3*i, -2*f - 4*i + 16 = -12. Calculate the greatest common factor of f and 4.
2
Let o(t) = t + 3. Let p be o(0). Suppose -5*k - 13 = -4*i, 0 = p*i - 0*i - 4*k - 10. Calculate the greatest common divisor of 2 and i.
2
Suppose -27*t + 26*t + 7 = 0. Let r be 1 - -1*19*4. Calculate the highest common factor of r and t.
7
Let o(i) = 2*i - 10. Suppose 0 = -t - 2 + 10. Let j be o(t). Let k be (54/21)/((-9)/(-42)). What is the highest common factor of j and k?
6
Suppose 0 = -r - 4*r + 175. Let n(y) = 3*y**2 + 2*y - 1. Let h be n(-2). What is the highest common factor of h and r?
7
Suppose i - 4*i + 6 = 0. Let v be 3 - i - 19/(-1). Suppose 2*k + 2 = 6. Calculate the greatest common factor of k and v.
2
Suppose -7*m = -2*m + 65. Let q(d) = d**3 + 12*d**2 - 13*d + 10. Let w be q(m). Calculate the greatest common divisor of w and 4.
2
Let b = -1 - -1. Suppose -3*u = 3*q - 192, b*q - 5*u - 301 = -4*q. Suppose 2*o - 38 = -a, -9 = -2*a - 2*o + q. What is the greatest common divisor of 5 and a?
5
Let u(v) = -2*v - 14. Let q be u(-8). Suppose q*l - 88 = l. Suppose -3*r - 2 = -b, -2*r + 3 = b - 9. What is the greatest common factor of l and b?
8
Suppose -b - b + 26 = 0. Let s be 1*-78*(-8)/6. Calculate the highest common divisor of b and s.
13
Let o be 2*5*2352/240. What is the greatest common factor of o and 42?
14
Suppose -64 - 1 = -5*u. Let g be -1*(1 + 1) + 15. What is the highest common divisor of u and g?
13
Suppose -u + 4*u = -3. Let w be 0 + (56/u)/(-2). Let t(b) = -b**3 - 2*b**2 + 3*b + 4. Let x be t(-3). Calculate the highest common factor of x and w.
4
Suppose 0 = -8*b - 174 + 966. Calculate the highest common divisor of 66 and b.
33
Let s = -2 + 0. Let y be ((-8)/s)/((-6)/(-33)). What is the highest common factor of y and 2?
2
Suppose 2*i + 489 = 5*p, -4*p + i + 325 = -68. Suppose 0 = -2*r + 5 + 3. Suppose r*n - 45 = -9. Calculate the greatest common divisor of p and n.
9
Suppose 3*j - 158 = -4*d + 81, 0 = d + j - 61. Suppose -o + d = 3*o. Suppose 10 + o = 2*p. What is the greatest common factor of p and 132?
12
Let g = 50 - 35. Suppose -z - 2*p + g = -7*p, z = -p + 33. What is the highest common factor of 45 and z?
15
Suppose -2*d + 27 = -1. Let v be (-531)/(-15) - (-4)/(-10). What is the highest common factor of v and d?
7
Suppose 4*u = -3*x, 5*x + 2*u - u - 17 = 0. What is the highest common divisor of 28 and x?
4
Let r(j) = -2*j. Let i be r(7). Let s = -8 - i. Calculate the greatest common factor of s and 12.
6
Suppose 2*r - 17 - 35 = 0. What is the highest common factor of 13 and r?
13
Suppose 4*v - 25 - 47 = 0. Suppose 2*x + h + 16 = 0, x - 20 = 5*x + 5*h. Let c = v + x. What is the highest common divisor of c and 8?
8
Suppose 2*r - 7*r + 49 = -3*x, 2*x = -6. Let k(p) = -p**3 - 7*p**2 - p - 8. Let v be k(-8). Calculate the highest common factor of r and v.
8
Suppose 2*j = -j + 15. Let u be ((-18)/j)/(4/(-30)). Suppose 3*s - 3*q - u = 0, -3*q = -2*s + 4 + 12. Calculate the highest common factor of 121 and s.
11
Suppose 2*p - 7*p + 210 = 0. Supp